2 - 44*x**2 + 0*x + 9 - 49 - 50*x. What is the tens digit of j(-21)?
6
Let z(s) = -11*s**3 + 17*s**2 - 29*s - 336. What is the thousands digit of z(-6)?
2
Let n be ((-39)/21 + 1)/(9/(-21)). Suppose -n*w + 1883 = -777. What is the thousands digit of w?
1
Suppose -4*u + 252 = t, -6*u + 11*u - 6*t - 286 = 0. Let x = 2 + 1. Suppose -f = x*a - 224, -a + u = -5*f - 34. What is the units digit of a?
6
Suppose 1219*g - 12159 = 1210*g. Suppose -g*a - 17440 = -1361*a. What is the thousands digit of a?
1
Let u(l) = -2*l**3 - 19*l**2 + 2*l - 6. Let z = 31 + -42. Let s be u(z). Let b = s + -53. What is the units digit of b?
2
Let q(g) = -112*g - 8 - 91*g - 39*g + 28 + 4. What is the hundreds digit of q(-6)?
4
Let x(k) = k**3 + 3*k**2 + 3*k + 1. Let z be x(-3). Let s be (10*1)/(z/112). Let i = 216 + s. What is the tens digit of i?
7
Let g(n) = -113*n**2 + 19*n + 42. Let s be g(-2). What is the tens digit of (5 - 1) + (-13 - s)?
3
Let o(i) = i**3 + 2*i**2 - 7*i + 4. Let u be o(-4). Let x(z) = 3*z + 814. Let v be x(u). Suppose -14*s + 418 = -v. What is the units digit of s?
8
What is the tens digit of 30487613/4437 + (2/9)/(-1)?
7
Suppose 0 = -4*p + 61 + 3. Let x(t) = -t**2 - 6 + 0 - p - 21*t + 2. What is the tens digit of x(-14)?
7
Let v be 0 - (2 + 1) - 1*21. What is the units digit of 1774/12 + 20/v?
7
Let d(f) = 2*f - 6. Let o be d(4). Let r(u) be the first derivative of 12*u**3 + 5*u**2/2 - 7*u + 1010. What is the hundreds digit of r(o)?
1
Let g = 23691 + -16909. What is the thousands digit of g?
6
Let p = -111 + 156. Suppose 0 = -x + 80 + p. What is the units digit of x?
5
Let x be ((-3)/6)/(1/(-82)). Suppose -x - 77 = -k. Let i = k + -59. What is the units digit of i?
9
Let x(w) = 22637*w**2 + 76*w - 77. What is the tens digit of x(1)?
3
Let l(j) = 44*j**2 - 21*j - 50. Suppose -47*b = -8*b + 195. What is the hundreds digit of l(b)?
1
Let b = 29842 + 12859. What is the units digit of b?
1
Let i(m) = 3*m - 10. Let k(l) = -3*l + 10. Let h(f) = 4*i(f) + 3*k(f). Let a be h(4). Suppose 0 = 3*g + a*g - 550. What is the hundreds digit of g?
1
What is the tens digit of (-6 - 12/(36/(-21)))*10499?
9
Suppose -x + 1323 = 4*s, 5*s = 2*s - 5*x + 1005. What is the units digit of 1 - 3/((-9)/s)?
1
Let u(d) be the first derivative of -8*d + 53/2*d**2 + 11. What is the tens digit of u(3)?
5
Let u = 13598 + -6734. Suppose 12*h - u = -h. What is the tens digit of h?
2
Suppose 1583 - 473 = 10*r. Let n = -249 + r. Let o = n - -307. What is the tens digit of o?
6
Let n(w) = w**3 - 7*w**2 - w + 10. Let y be n(7). Suppose -3*v - y*c - 2*c = 38, -3*c = 12. What is the units digit of v/9 - -1 - (-1120)/15?
5
What is the hundreds digit of (2/3)/((-8)/(-1512)*(-3)/(-831))?
9
Let h(d) = -7*d**3 + 2*d**2 + 3*d + 10. Let x(k) = k**2 - 6*k + 3. Let m be x(0). Let r be h(m). Let s = -87 - r. What is the units digit of s?
5
Let i = 32 + -27. Suppose -15 + 0 = -i*z. Suppose 504 = 11*c - z*c. What is the tens digit of c?
6
Suppose 0 = 10*v - 219 - 271. Let x = 118 + v. What is the units digit of x?
7
Let g = 10534 - 368. What is the tens digit of g?
6
Suppose -t - 107 = -120. Suppose 15 = -8*z + t*z. What is the units digit of z?
3
Let n = -328 - -563. Suppose 7*m - 2*m - n = 0. Let t = 14 + m. What is the units digit of t?
1
Let g(z) = z**3 - 24*z - 11. Let u(v) = -v**3 + 2*v**2 + 25*v + 11. Let d(y) = 7*g(y) + 6*u(y). What is the units digit of d(-13)?
4
What is the ten thousands digit of (-3)/(90/195 - (-536430)/(-1162096))?
4
Let w be (6/(-9))/(1/15). Let n be (-2)/(-6) - (6 - w/(-6)). What is the tens digit of (-6 - -530)*((-9)/n - 2)?
3
Let k = -63382 + 109504. What is the ten thousands digit of k?
4
Let x be (-5930)/4*-5*10/125. Suppose 284 = x*k - 591*k. What is the hundreds digit of k?
1
Let m(v) = 2*v**3 - 33*v**2 - 20*v + 27. Let z be m(14). Let d = -503 - z. What is the units digit of d?
0
Let a(t) = 825*t - 2386. What is the tens digit of a(40)?
1
Let w = -83 + 52. Let s = -25 - w. Let c(k) = 5*k**2 - 14*k - 6. What is the tens digit of c(s)?
9
Let f(k) = -51*k + 81. Let h be f(3). Let m = 62 - h. What is the hundreds digit of m?
1
Suppose -69*y + 68*y + 20721 = h, -2*y = -2*h + 41414. What is the ten thousands digit of h?
2
Let j be 8/(-56) - -36*(-3)/(-21). Suppose 0 = 2*y - 4, -4*w - j*y = -3*w - 584. What is the hundreds digit of w?
5
Suppose -3*v + 9 = -w, -56*w = 3*v - 55*w - 3. What is the tens digit of (-1)/(v/(-394)) + 9 + -6?
0
Let q = 3354 - 1456. Suppose 17*b - q = 11124. What is the hundreds digit of b?
7
Suppose -3*b + 63*f - 68*f + 226728 = 0, 0 = -3*b + 2*f + 226791. What is the tens digit of b?
9
Let i = 185845 + -129377. What is the thousands digit of i?
6
Let q = 44 - 35. Let x be (-9)/(q/(-22))*(-1 + -5). Let u = x + 298. What is the hundreds digit of u?
1
Suppose 8*v = 2*v + 4224. Let y = v + -381. What is the hundreds digit of y?
3
Let u(b) = 38*b + 111. Let a be u(20). Let m = 1633 - a. What is the hundreds digit of m?
7
Let i be 32 + 0/(1 + -3). Suppose 7*d + i = 3*d. What is the units digit of (-16)/4*52/d?
6
Let z(l) = -8 - 64*l + l**3 - 8 + 10*l**2 + 63*l. What is the units digit of z(-8)?
0
Let f(x) = -515*x + 1012. What is the ten thousands digit of f(-23)?
1
Let n(j) = 11*j**2 + 24*j + 10. Let d be n(-20). Suppose 10643 + d = 19*g. What is the hundreds digit of g?
7
Suppose 2*q + 2*h - 16 = -0*h, 0 = -4*q - 5*h + 36. Suppose -5 = y, -q*y - 425 = 2*b - 1245. What is the units digit of b?
0
What is the tens digit of 6 + 12/(-24)*6 + 993?
9
Let l(v) be the second derivative of -v**4/2 - 17*v**3/3 + 9*v**2/2 + 29*v. Let q(s) be the first derivative of l(s). What is the hundreds digit of q(-14)?
1
Let i be (2/5)/(-4 - 492/(-120)). Suppose 0 = -y + 3*u + 672, -i*y - u = 4*u - 2688. What is the hundreds digit of y?
6
Suppose -4*v + u = -33307, v + u = 4871 + 3457. What is the thousands digit of v?
8
Let c(a) = 884*a**2 + 13*a + 34. Let z be c(-4). Suppose -7*s = -z + 1862. What is the units digit of s?
2
Let n = 3996 - -12726. What is the thousands digit of n?
6
Suppose 2*t - 36 = -p + 180, -1005 = -5*p + 5*t. Suppose 2*j = -2*v - 238, 4*j = -2*v - 348 - 124. Let q = p + j. What is the tens digit of q?
8
Let c(o) = -6*o**3 + 4*o**2 + 33*o + 259. What is the hundreds digit of c(-8)?
3
Let d be ((-12)/5)/((-27)/135). Suppose d*x - 744 = 4932. What is the tens digit of x?
7
Let b(z) = z - 4. Let d be b(11). Suppose -10 = 5*m, -k + d*m - 3*m - 4 = 0. What is the units digit of 10*(k/(-8) + 1)?
5
What is the hundreds digit of (-6 - -122)/((-35)/(-9905))?
8
Let j = -15153 - -24230. What is the units digit of j?
7
Let b(d) = -17*d - 4. Let y be b(-2). Suppose 0*s = -10*s + y. What is the units digit of (-1 - (0 + -1)) + -1 + s?
2
Let m = 74 + -46. Let f = m + -22. Suppose -29 = 2*q - f*q + 5*p, 3*p - 9 = 0. What is the tens digit of q?
1
Suppose -3*i + 11 - 2 = 0. Let b(t) = -t**2 - 2*t - 4*t**2 + t**i + 3 - t + t. What is the units digit of b(7)?
7
Let k = -753 + 2130. Let l = 1973 - k. What is the tens digit of l?
9
Let r be (-18)/(-4)*(10 - 8). Let x be (-1)/1*(r + 7). What is the tens digit of (0 - -59) + (x - -14)?
5
Suppose 5*k + 10 = -5*b, -k + 2 + 8 = -5*b. Let q be 258/4*(0 - b). Suppose -3*s + 2*f + 84 = 0, -4*f - q = -4*s - 13. What is the tens digit of s?
2
Let k(c) = -2*c**2 - 7*c - 8. Let y be k(-4). Let i = y + 664. What is the tens digit of i?
5
Let x(p) = -5*p**2 - 3*p - 33. Let s(a) = 5*a**2 + 3*a + 42. Let u(z) = -4*s(z) - 5*x(z). Suppose -4*b - 10 = 10. What is the hundreds digit of u(b)?
1
Let a = 4904 + 13438. What is the units digit of a?
2
Let y(n) = n**3 + 74*n**2 + 222*n - 477. What is the ten thousands digit of y(-54)?
4
Let r be (-2678)/(-10) + (-2)/(-10). Suppose 755 = -4*y + 139. Let t = r + y. What is the tens digit of t?
1
Let b(w) = w**2 + 370*w + 10282. What is the ten thousands digit of b(0)?
1
Suppose 176 = 2*f - 0*f. Let d = f + -88. Suppose -2*j - 6 = d, 4*a + 113 - 504 = 5*j. What is the units digit of a?
4
Suppose -3*i = 9, 4*c = i + 102 + 117. Let v(p) = -23*p - 29 - 12*p + c*p. What is the hundreds digit of v(9)?
1
Let b = -119 + 172. Let c = 78 + b. What is the hundreds digit of c?
1
Suppose 2*f + 365 = u, 0 = 3*u - 5*u + 2*f + 734. What is the tens digit of u?
6
Suppose -20*b + 198646 = -81974. What is the tens 